d 77?
7
Suppose -5*u + 5*d + 260 = 0, u = -0*u - 3*d + 68. Calculate the greatest common factor of u and 8.
8
Suppose 4*o - o - 33 = 0. Suppose -9*l + 6*l = 3*x - 171, 0 = -4*l + 2*x + 216. What is the greatest common factor of o and l?
11
Let n be 3/(9/(-17))*(-3 - 0). What is the greatest common factor of n and 136?
17
Suppose 5*s + 2*u = 109, s - 4*u = 5*s - 80. What is the highest common divisor of s and 92?
23
Let l be (7 - 3)/((-2)/(-8)). Let n be (-3)/12 + (-9)/(-4). Calculate the highest common factor of n and l.
2
Let d(k) be the third derivative of k**5/60 - 4*k**3/3 - 2*k**2. Let q be d(6). What is the greatest common divisor of q and 7?
7
Let i = -64 + 65. Let b(d) = d. Let h(x) = 4*x - 6. Let n(t) = 3*b(t) - h(t). Let p be n(5). What is the highest common factor of i and p?
1
Let s(b) = -b**2 - b - 3*b - 3*b + 5. Let h be s(-7). Let c = h + 7. Calculate the highest common factor of 36 and c.
12
Suppose -2*n + 26 = 2*l, 2*n + 5*l - 50 = -2*n. What is the highest common factor of n and 6?
3
Let v be 1 + (-1 - 4) + 9. Let c be (3 + v)*16/2. Calculate the highest common divisor of 8 and c.
8
Suppose 4*p - 2*x = 14, 0*x + 4*x + 4 = 0. Suppose -159 = -p*u + 57. What is the greatest common factor of u and 8?
8
Let x = -35 + 68. What is the highest common divisor of 66 and x?
33
Let h(k) = k**3 + 3*k**2 - 10*k - 9. Let f be h(-4). Calculate the greatest common factor of f and 15.
15
Let u = 534 - 444. Let g(m) = m**3 + 3*m**2 - 2*m + 2. Let t be g(-4). Let r be ((-10)/(-3))/((-2)/t). What is the greatest common divisor of u and r?
10
Let j(y) = y**3 - y**2 - 3*y - 3. Let p be j(3). What is the highest common factor of 6 and p?
6
Suppose f = -0*f + 4. Suppose -11 - 49 = -k - 4*i, -f*k - 4*i = -240. Let y be (-2 - -2*3) + 2. What is the greatest common divisor of y and k?
6
Suppose 0*f = -f + 14. Let u = f - 32. Let d = u + 31. What is the highest common factor of 104 and d?
13
Suppose -2*v = -10 - 0. Let b = 71 + -16. What is the greatest common divisor of v and b?
5
Let j = 19 - -1. Suppose 2*s = -2*s + j. Let g = -2 - -7. What is the greatest common factor of g and s?
5
Let v be 7/28*-4*(-1 - 11). Calculate the greatest common factor of 84 and v.
12
Suppose 24 = 4*w + 3*y, 0 = -5*y + 31 - 11. Let q be w/(1/44*3). Suppose 4*o + 16 = 0, -3*m + 24 + 5 = o. What is the highest common factor of m and q?
11
Let g be 60/(6*(-4)/(-36)). What is the highest common factor of 10 and g?
10
Let t = -1 + -3. Let r = 6 - t. What is the highest common factor of r and 15?
5
Let z(f) be the third derivative of f**5/20 - f**4/24 - 4*f**3/3 + 5*f**2. Let n be z(-4). Calculate the highest common factor of n and 4.
4
Suppose 4*g = -g - 960. Let h = -64 - g. What is the highest common divisor of 16 and h?
16
Let g be 1/(-2) - 333/(-6). Calculate the highest common factor of 22 and g.
11
Suppose -3*i + 175 = 4*i. Calculate the highest common factor of 125 and i.
25
Let k = -6 - -9. Let f(x) = -x**3 + 3*x**2 - x + 7. Let s be f(k). What is the highest common divisor of s and 1?
1
Suppose 0 = -12*a + 11*a - 70. Let y be (3/3)/(-2)*a. Calculate the highest common divisor of y and 5.
5
Let r be (-3 + -3 - -2)/(-2). Suppose 5*j - r - 83 = 0. Calculate the highest common divisor of 187 and j.
17
Let t be -7*4 - 2/2. Let i = t + 47. What is the greatest common factor of i and 12?
6
Let c be (0 - -104) + 0 + -2. Let o = c + -17. What is the highest common divisor of o and 17?
17
Let v(p) = p**3 - p**2 + 4. Let y be v(0). Suppose -5*j - 65 = -y*i, 3*i - 5*j - 2 = 43. Let n = -56 + 106. Calculate the highest common divisor of n and i.
10
Let l(n) = -n**3 + 10*n**2 + 13*n + 5. Let a be l(11). Suppose a + 29 = f. Calculate the greatest common factor of 7 and f.
7
Suppose -4*t + 5*c = -56, -16 = -2*t - 2*t - 5*c. Suppose i + 1 - 2 = 0. What is the greatest common factor of i and t?
1
Suppose 6*i - i = 935. Let z be 4/18 + (-1208)/(-72). Calculate the highest common factor of i and z.
17
Suppose -8 - 8 = -2*p. What is the greatest common factor of p and 1?
1
Suppose 2 = l + 4*i - 6, -5*i + 21 = 4*l. Suppose -9 - 3 = -l*n. Let t = 5 - n. What is the highest common factor of t and 22?
2
Let r be (-2)/((4/27)/(-2)). Calculate the greatest common factor of r and 9.
9
Suppose 0 = 10*m - 736 - 434. Calculate the greatest common divisor of m and 13.
13
Let h be (-3)/9*0 + 8. Suppose -5*w + 3*m = -68, -2*w + 4*m = 2*m - 24. What is the highest common divisor of h and w?
8
Let x(i) = 28*i - 42. Let c be x(15). What is the highest common factor of 42 and c?
42
Let i(h) = -h + 9. Let n be i(4). Let q(c) = c**3 + 6*c**2 + 5*c - 2. Let u be q(-4). Calculate the greatest common divisor of n and u.
5
Suppose 2 - 5 = y, 3*t - 66 = -4*y. Suppose 0*v = -2*v + t. What is the greatest common factor of v and 104?
13
Let o be 1137/21 + (-2)/14. Let d(q) = -q**2 - 5*q + 2. Let l be d(-4). What is the greatest common divisor of o and l?
6
Suppose 2*v + 3*d - 6 = -2*v, 0 = -5*v + 2*d - 4. Let k = 4 - v. Suppose -k*n + 72 = -148. What is the highest common factor of 11 and n?
11
Let l be 9*(-1 + 2 - 0). Let t be 28/(-126) - (-506)/l. What is the greatest common factor of t and 84?
28
Let f(m) = -m**2 - 11*m - 8. Let b be (2 + 1)/(1/(-3)). Let n be f(b). What is the highest common factor of n and 80?
10
Let w = 77 - 7. Let v = 8 - -6. Calculate the highest common factor of w and v.
14
Suppose -4*w + 117 = -3*w. Calculate the highest common divisor of 9 and w.
9
Let x be -33*2*(-3)/18 + 4. Let p be 2/(-1)*(-5)/2. Suppose 0*y = -y + p. What is the highest common factor of y and x?
5
Let b be 11/(-66) + ((-55)/(-6) - -1). Calculate the highest common factor of b and 5.
5
Let c = 690 + -370. What is the greatest common divisor of c and 40?
40
Suppose 5*u - 2 = 23. Suppose 0 = 2*n - u*n + 210. Calculate the greatest common divisor of n and 7.
7
Suppose -91*y = -89*y - 76. What is the highest common factor of y and 19?
19
Let j be (-1)/2 + (291/2)/3. Calculate the greatest common divisor of j and 6.
6
Suppose 5*r = 2*a + 167, 5*r + 4*a = a + 162. What is the greatest common divisor of r and 33?
33
Let f(k) = 13*k**2 - 4. Let m be f(-2). What is the highest common factor of 3 and m?
3
Let y(c) = 1. Let b(t) = 21*t + 1. Let g(o) = b(o) + 4*y(o). Let v be (-8)/(-2)*15/12. Let h be g(v). Calculate the highest common divisor of 10 and h.
10
Suppose 5*n + 10 + 90 = 0. Let z = -5 - n. Calculate the greatest common factor of 5 and z.
5
Let m = 3 - 2. Suppose 0 = -6*x + 5*x. Let t = m - x. What is the highest common factor of 7 and t?
1
Let q be (-4)/10 - 54/(-10). Let h = -1 + q. Suppose -2*d + 4*i = 3*d + 15, -d - i + 6 = 0. Calculate the greatest common divisor of h and d.
1
Suppose -3*l + 2*p = 3, 5 = 5*l + p - 3. What is the highest common factor of 14 and l?
1
Let u(c) = -17*c**2 + 2*c - 1. Let x be u(1). Let s be x/(-12)*30/(-4). Let k be (-46)/(-4)*s/(-5). What is the greatest common divisor of 23 and k?
23
Let y be 2/(-3) - (-423)/27. Suppose -y = 5*s, 0*s + 2 = 2*t + 4*s. Calculate the highest common factor of 28 and t.
7
Let l = 0 - -3. Let h(g) = 1 + 5*g + l*g - 2*g. Let i be h(1). Calculate the highest common divisor of i and 49.
7
Let p be 10/8*(43 - -1). Suppose -i = -2*i + p. Let r be -2*1*22/(-4). Calculate the highest common factor of r and i.
11
Let a(t) = 2*t + 5. Let l be a(-6). Let p = 13 + l. Calculate the highest common divisor of p and 9.
3
Let v be (8 - -1)/(3/2). Let l be 14/18 - 22/(-99). Let y be 1/(l + 2/(-4)). Calculate the highest common divisor of v and y.
2
Let s be (-4)/(-6) + (-41)/3. Let h = s - -18. Suppose v - 2 = 0, 2*i + 5*v + 10 = 3*i. Calculate the greatest common factor of i and h.
5
Let v = 26 - 18. Suppose -i - 2*i = -672. Suppose -3*n = -7*n + i. What is the highest common divisor of v and n?
8
Let d(y) = y + 13. Let g be d(-7). Suppose 4 = -4*j - 0*j. Let n be ((-5)/15)/(j/g). Calculate the greatest common divisor of 4 and n.
2
Suppose 25 = -s + 41. Calculate the highest common factor of 144 and s.
16
Let x = 3 - 0. Suppose -5*q = x*b - 93, -4*b - 5*q + 38 = -91. Let t be 7*9*(-18)/(-21). Calculate the greatest common factor of b and t.
18
Let l = 9 - 6. What is the highest common divisor of l and 1?
1
Suppose 5*u + 11 = 56. Let j(m) = 5*m - 3. Let o be j(2). Supp